4 divide 20915169?
False
Is 34813875 a multiple of 1075?
True
Is 60324900 a multiple of 3812?
True
Does 5134 divide 4841136104?
True
Is 117910320 a multiple of 33?
True
Does 2431 divide 959730932?
False
Does 58 divide 124025218?
False
Does 56 divide 5036304?
True
Does 11 divide 682181474?
False
Does 173 divide 30973920?
True
Is 8 a factor of 54563760?
True
Is 285248902 a multiple of 22?
False
Does 2846 divide 240533960?
False
Does 251 divide 3611890?
True
Is 9945026 a multiple of 154?
False
Does 27 divide 73522031?
False
Does 271 divide 1340362206?
True
Is 10369008 a multiple of 208?
True
Is 345 a factor of 17857962?
False
Is 3215447253 a multiple of 177?
False
Is 47488313 a multiple of 585?
False
Is 2866 a factor of 1069846274?
True
Is 3810248644 a multiple of 10?
False
Is 52 a factor of 4581828?
False
Does 61 divide 890702800?
False
Does 205 divide 60940555?
True
Is 137589613 a multiple of 622?
False
Is 21 a factor of 287468979?
True
Does 1910 divide 733762790?
True
Is 238242182 a multiple of 17?
True
Is 6318662758 a multiple of 29?
False
Is 9 a factor of 1266232410?
True
Is 9744493 a multiple of 29?
True
Is 11 a factor of 34547719?
False
Is 431027800 a multiple of 2650?
True
Does 113 divide 21767181?
False
Is 4900787747 a multiple of 7095?
False
Does 91 divide 63418355?
True
Does 162 divide 14210802?
True
Is 53 a factor of 239886056?
True
Does 15 divide 2909625?
True
Does 17 divide 28654401?
True
Is 247992175 a multiple of 215?
False
Does 336 divide 697032672?
True
Is 4130 a factor of 259392910?
True
Does 1434 divide 314757295?
False
Does 490 divide 660899378?
False
Is 2485623960 a multiple of 4470?
True
Is 2591642 even?
True
Does 79 divide 585706?
True
Does 146 divide 36935664?
True
Is 12 a factor of 830061384?
True
Is 9555490 a multiple of 11?
False
Is 465898200 a multiple of 12?
True
Does 4347 divide 193293702?
True
Is 193 a factor of 387222848?
True
Does 12 divide 1662247?
False
Is 35 a factor of 6038725?
True
Is 57 a factor of 15177109?
False
Is 182 a factor of 22369984?
True
Does 56 divide 58865253?
False
Is 523 a factor of 13294547?
False
Is 161 a factor of 32120192?
False
Is 327 a factor of 42169920?
True
Is 943776681 a multiple of 2350?
False
Is 272 a factor of 25998848?
True
Is 65261003 a multiple of 113?
True
Is 3896 a factor of 127878322?
False
Is 42253584 a multiple of 8?
True
Does 197 divide 167588491?
True
Is 3883961388 a multiple of 20?
False
Does 46 divide 268620624?
False
Is 39137346 a multiple of 53?
False
Does 3 divide 3003381?
True
Does 509 divide 184725262?
True
Is 48779352 a multiple of 16?
False
Is 17 a factor of 12873590?
True
Is 101 a factor of 22351070?
False
Does 252 divide 12542582?
False
Is 25 a factor of 57105575?
True
Is 618 a factor of 8509111?
False
Is 10 a factor of 25690970?
True
Is 16 a factor of 9595552?
True
Is 2006040664 a multiple of 29?
True
Does 6679 divide 584005081?
True
Does 7 divide 20341027?
True
Does 11 divide 6535397?
True
Does 2900 divide 652500529?
False
Is 7735575 a multiple of 18?
False
Does 36 divide 5529370?
False
Is 11301227 a multiple of 10?
False
Does 27 divide 628855185?
False
Does 36 divide 3463983251?
False
Is 37163201 a multiple of 305?
False
Is 256604355 a multiple of 1335?
True
Does 7 divide 48236566?
True
Does 12 divide 10373771?
False
Does 2242 divide 778395496?
True
Is 466 a factor of 1017189926?
True
Does 2524 divide 402583048?
True
Is 45 a factor of 181183975?
False
Is 2899 a factor of 984379603?
False
Does 6300 divide 5613300?
True
Is 1342112708 a multiple of 101?
False
Is 1486 a factor of 445489426?
True
Is 85970853 a multiple of 153?
True
Is 138 a factor of 38217873?
False
Is 17332360 a multiple of 35?
False
Is 39541128 a multiple of 152?
True
Is 2214233525 a multiple of 7?
True
Is 547 a factor of 70938540?
False
Is 126554448 a multiple of 3?
True
Is 200768190 a multiple of 735?
True
Is 6963433 a multiple of 1578?
False
Is 773 a factor of 781637719?
False
Is 21324334 a multiple of 168?
False
Does 79 divide 26895708?
True
Is 1144003392 a multiple of 49?
True
Does 14 divide 140590940?
True
Is 87 a factor of 381735049?
False
Does 2232 divide 761955696?
True
Is 7 a factor of 96764103?
False
Is 15 a factor of 838254616?
False
Is 311400060 a multiple of 4923?
False
Is 75 a factor of 72000450?
True
Does 1689 divide 1593480790?
False
Does 2023 divide 143724170?
False
Is 1264807472 a multiple of 16?
True
Is 234 a factor of 350706620?
False
Is 12 a factor of 153289229?
False
Is 129967857 a multiple of 32?
False
Is 257513904 a multiple of 1944?
True
Does 3 divide 8661285?
True
Is 16406825 a multiple of 182?
False
Is 939707322 a multiple of 226?
True
Is 39 a factor of 415550850?
True
Does 25 divide 562172846?
False
Does 12 divide 111302899?
False
Is 248596912 a multiple of 94?
True
Is 520196702 a multiple of 306?
False
Does 59 divide 423679944?
True
Is 49 a factor of 189715015?
True
Is 2353208976 a multiple of 432?
True
Does 142 divide 19116892?
True
Does 5 divide 26303190?
True
Does 173 divide 226840109?
False
Is 1602 a factor of 270435085?
False
Is 219322016 a multiple of 1376?
True
Does 5593 divide 2755434452?
False
Does 102 divide 104506078?
False
Is 463907909 a multiple of 41?
False
Does 196 divide 83128857?
False
Is 1647445557 a multiple of 24?
False
Does 11 divide 1711550225?
True
Is 13421760 a multiple of 155?
True
Is 3122 a factor of 40292532?
True
Is 495303219 a multiple of 60?
False
Does 9 divide 45547992?
True
Does 79 divide 180906354?
False
Is 12 a factor of 388347660?
True
Does 501 divide 30047976?
True
Is 83 a factor of 928604246?
False
Does 2 divide 10356038?
True
Does 1844 divide 2570134008?
True
Is 112856610 a multiple of 106?
True
Does 13 divide 202683?
True
Is 224400836 a multiple of 27?
False
Is 98 a factor of 44280320?
True
Is 132 a factor of 63302720?
False
Is 25268360 a multiple of 520?
True
Does 77 divide 39161276?
True
Is 50 a factor of 353109281?
False
Is 71 a factor of 154639656?
False
Does 7 divide 5063863?
True
Is 103745152 a multiple of 8?
True
Is 465539496 a multiple of 586?
True
Is 287663660 a multiple of 67?
False
Does 4 divide 83183993?
False
Does 522 divide 68628296?
False
Is 91339665 a multiple of 849?
True
Is 156012420 a multiple of 114?
True
Is 108417433 a multiple of 23?
False
Is 395 a factor of 44198691?
False
Is 11 a factor of 263971444?
True
Does 25 divide 413377500?
True
Is 11 a factor of 398553614?
False
Is 228990585 a multiple of 865?
True
Does 43 divide 491229549?
True
Is 24423209 a multiple of 133?
False
Does 5 divide 35212204?
False
Is 212 a factor of 22626124?
True
Does 1226 divide 4809058?
False
Is 558441 a multiple of 21?
False
Is 29 a factor of 407762040?
True
Is 16 a factor of 37008930?
False
Is 54669645 a multiple of 79?
False
Is 15 a factor of 24354105?
True
Is 19 a factor of 8837926?
True
Does 249 divide 485544024?
True
Is 1073152358 a multiple of 565?
False
Is 1676625018 a multiple of 6499?
True
Does 75 divide 100488375?
True
Is 1313 a factor of 334753289?
True
Is 11729389 a multiple of 184?
False
Is 17231480 a multiple of 140?
True
Is 3101804736 a multiple of 192?
True
Is 611 a factor of 3656782338?
False
Is 3123889026 a multiple of 258?
True
Is 367978217 a multiple of 193?
False
Does 226 divide 76486458?
False
Is 45 a factor of 2900460056?
False
Is 92895206 a multiple of 23?
True
Is 178283767 a multiple of 5?
False
Does 515 divide 119980580?
True
Is 3373 a factor of 139469408?
False
Is 336 a factor of 2218745?
False
Does 4647 divide 1332294900?
True
Is 3 a factor of 22550204?
False
Is 72 a factor of 2998800?
True
Is 20843209 a multiple of 41?
False
Does 1130 divide 42241723?
False
Does 325 divide 122524675?
True
Is 1414625 a multiple of 20?
False
Is 7213128 a multiple of 26?
True
Is 89 a factor of 31729495?
False
Does 12 divide 569177547?
False
Does 2 divide 4969990?
True
Does 754 divide 1122809687?
False
Does 45 divide 587447664?
False
Is 184459050 a multiple of 45?
True
Is 436660140 a multiple of 20?
True
Does 418 divide 42194724?
False
Is 35 a factor of 330067605?
True
Is 135252389 a multiple of 3163?
False
Does 11 divide 8750698?
True
Does 136 divide 47725470?
False
Is 3050937086 a multiple of 14?
False
Does 1320 divide 102947673?
False
Is 190 a factor of 173152320?
True
Is 6441213 a multiple of 12?
False
Does 44